{"id":1687,"date":"2020-09-22T13:57:55","date_gmt":"2020-09-22T06:57:55","guid":{"rendered":"https:\/\/test.nguyenanhmedia.com\/?page_id=1687"},"modified":"2023-03-31T10:41:39","modified_gmt":"2023-03-31T03:41:39","slug":"gioi-thieu","status":"publish","type":"page","link":"https:\/\/ttcsntt.khanhhoa.gov.vn\/?page_id=1687","title":{"rendered":"Gi\u1edbi thi\u1ec7u"},"content":{"rendered":"<h2 class=\"has-text-align-center has-text-color\" style=\"color: #0059bb; padding-bottom: 20px;\"><strong>KH\u00c1I QU\u00c1T V\u1ec0 TRUNG T\u00c2M B\u1ea2O TR\u1ee2 X\u00c3 H\u1ed8I CH\u0102M S\u00d3C V\u00c0 PH\u1ee4C H\u1ed2I CH\u1ee8C N\u0102NG NG\u01af\u1edcI T\u00c2M TH\u1ea6N, NG\u01af\u1edcI R\u1ed0I NHI\u1ec4U T\u00c2M TR\u00cd T\u1ec8NH KH\u00c1NH H\u00d2A<\/strong><\/h2>\r\n<!-- \/wp:html -->\r\n\r\n<!-- wp:image {\"id\":1807} -->\r\n<figure class=\"wp-block-image\"><img decoding=\"async\" loading=\"lazy\" width=\"1992\" height=\"838\" class=\"wp-image-1807\" src=\"https:\/\/test.nguyenanhmedia.com\/wp-content\/uploads\/2017\/06\/TTBHXH-anh-tong-the-1-resize-full-nen.jpg\" alt=\"\" srcset=\"https:\/\/ttcsntt.khanhhoa.gov.vn\/wp-content\/uploads\/2017\/06\/TTBHXH-anh-tong-the-1-resize-full-nen.jpg 1992w, https:\/\/ttcsntt.khanhhoa.gov.vn\/wp-content\/uploads\/2017\/06\/TTBHXH-anh-tong-the-1-resize-full-nen-600x252.jpg 600w, https:\/\/ttcsntt.khanhhoa.gov.vn\/wp-content\/uploads\/2017\/06\/TTBHXH-anh-tong-the-1-resize-full-nen-300x126.jpg 300w, https:\/\/ttcsntt.khanhhoa.gov.vn\/wp-content\/uploads\/2017\/06\/TTBHXH-anh-tong-the-1-resize-full-nen-1024x431.jpg 1024w, https:\/\/ttcsntt.khanhhoa.gov.vn\/wp-content\/uploads\/2017\/06\/TTBHXH-anh-tong-the-1-resize-full-nen-768x323.jpg 768w, https:\/\/ttcsntt.khanhhoa.gov.vn\/wp-content\/uploads\/2017\/06\/TTBHXH-anh-tong-the-1-resize-full-nen-1536x646.jpg 1536w, https:\/\/ttcsntt.khanhhoa.gov.vn\/wp-content\/uploads\/2017\/06\/TTBHXH-anh-tong-the-1-resize-full-nen-800x337.jpg 800w\" sizes=\"(max-width: 1992px) 100vw, 1992px\" \/><\/figure>\r\n<!-- \/wp:image -->\r\n\r\n<!-- wp:paragraph {\"fontSize\":\"medium\",\"style\":{\"color\":{\"text\":\"#0059bb\"}}} -->\r\n<p class=\"has-text-color has-medium-font-size\" style=\"color: #0059bb;\"><strong>1. V\u1eca TR\u00cd<\/strong><\/p>\r\n<!-- \/wp:paragraph -->\r\n\r\n<!-- wp:paragraph {\"style\":{\"typography\":{\"fontSize\":19}}} -->\r\n<p style=\"font-size: 19px;\"><span style=\"font-size: 14pt;\">Trung t\u00e2m B\u1ea3o tr\u1ee3 x\u00e3 h\u1ed9i Ch\u0103m s\u00f3c v\u00e0 Ph\u1ee5c h\u1ed3i ch\u1ee9c n\u0103ng ng\u01b0\u1eddi t\u00e2m th\u1ea7n, ng\u01b0\u1eddi r\u1ed1i nhi\u1ec5u t\u00e2m tr\u00ed t\u1ec9nh Kh\u00e1nh H\u00f2a l\u00e0 \u0111\u01a1n v\u1ecb s\u1ef1 nghi\u1ec7p tr\u1ef1c thu\u1ed9c S\u1edf Lao \u0111\u1ed9ng \u2013 Th\u01b0\u01a1ng binh v\u00e0 X\u00e3 h\u1ed9i Kh\u00e1nh Ho\u00e0, \u0111\u01b0\u1ee3c th\u00e0nh l\u1eadp theo quy\u1ebft \u0111\u1ecbnh s\u1ed1 1853\/Q\u0110-UBND ng\u00e0y 10\/7\/2015 c\u1ee7a \u1ee6y ban nh\u00e2n d\u00e2n t\u1ec9nh Kh\u00e1nh H\u00f2a v\u1ec1 vi\u1ec7c th\u00e0nh l\u1eadp Trung t\u00e2m B\u1ea3o tr\u1ee3 x\u00e3 h\u1ed9i Ch\u0103m s\u00f3c v\u00e0 Ph\u1ee5c h\u1ed3i ch\u1ee9c n\u0103ng ng\u01b0\u1eddi t\u00e2m th\u1ea7n, ng\u01b0\u1eddi r\u1ed1i nhi\u1ec5u t\u00e2m tr\u00ed t\u1ec9nh Kh\u00e1nh H\u00f2a tr\u00ean c\u01a1 s\u1edf t\u00e1ch b\u1ed9 ph\u1eadn ch\u0103m s\u00f3c, nu\u00f4i d\u01b0\u1ee1ng ng\u01b0\u1eddi t\u00e2m th\u1ea7n, ng\u01b0\u1eddi r\u1ed1i nhi\u1ec5u t\u00e2m tr\u00ed Trung t\u00e2m B\u1ea3o tr\u1ee3 x\u00e3 h\u1ed9i Kh\u00e1nh H\u00f2a.<\/span><\/p>\r\n<p><span style=\"font-size: 14pt;\"><!-- \/wp:paragraph -->\r\n\r\n<!-- wp:paragraph {\"style\":{\"typography\":{\"fontSize\":19}}} --><\/span><\/p>\r\n<p style=\"font-size: 19px;\"><span style=\"font-size: 14pt;\">Trung t\u00e2m l\u00e0 \u0111\u01a1n v\u1ecb c\u00f3 quy\u1ec1n t\u1ef1 ch\u1ee7, t\u1ef1 ch\u1ecbu tr\u00e1ch nhi\u1ec7m theo quy \u0111\u1ecbnh c\u1ee7a ph\u00e1p lu\u1eadt; c\u00f3 t\u01b0 c\u00e1ch ph\u00e1p nh\u00e2n, c\u00f3 t\u00e0i kho\u1ea3n v\u00e0 con d\u1ea5u ri\u00eang.<\/span><\/p>\r\n<p><span style=\"font-size: 14pt;\"><!-- \/wp:paragraph -->\r\n\r\n<!-- wp:paragraph {\"style\":{\"typography\":{\"fontSize\":19}}} --><\/span><\/p>\r\n<p style=\"font-size: 19px;\"><span style=\"font-size: 14pt;\">Tr\u1ee5 s\u1edf c\u1ee7a Trung t\u00e2m \u0111\u1eb7t t\u1ea1i th\u00f4n An \u0110\u1ecbnh, x\u00e3 Di\u00ean Ph\u01b0\u1edbc, huy\u1ec7n Di\u00ean Kh\u00e1nh, t\u1ec9nh Kh\u00e1nh H\u00f2a.<\/span><\/p>\r\n<p><span style=\"font-size: 14pt;\"><!-- \/wp:paragraph -->\r\n\r\n<!-- wp:paragraph {\"fontSize\":\"medium\",\"style\":{\"color\":{\"text\":\"#0059bb\"}}} --><\/span><\/p>\r\n<p class=\"has-text-color has-medium-font-size\" style=\"color: #0059bb;\"><span style=\"font-size: 14pt;\"><strong>2. CH\u1ee8C N\u0102NG<\/strong><\/span><\/p>\r\n<p><span style=\"font-size: 14pt;\"><!-- \/wp:paragraph -->\r\n\r\n<!-- wp:paragraph {\"style\":{\"typography\":{\"fontSize\":19}}} --><\/span><\/p>\r\n<p style=\"font-size: 19px;\"><span style=\"font-size: 14pt;\">Trung t\u00e2m th\u1ef1c hi\u1ec7n ch\u1ee9c n\u0103ng: T\u1ed5 ch\u1ee9c ti\u1ebfp nh\u1eadn, ch\u0103m s\u00f3c, nu\u00f4i d\u01b0\u1ee1ng v\u00e0 ph\u1ee5c h\u1ed3i ch\u1ee9c n\u0103ng cho \u0111\u1ed1i t\u01b0\u1ee3ng b\u1ea3o tr\u1ee3 x\u00e3 h\u1ed9i c\u00f3 ho\u00e0n c\u1ea3nh \u0111\u1eb7c bi\u1ec7t kh\u00f3 kh\u0103n, \u0111\u1ed1i t\u01b0\u1ee3ng b\u1ea3o v\u1ec7 kh\u1ea9n c\u1ea5p, \u0111\u1ed1i t\u01b0\u1ee3ng t\u1ef1 nguy\u1ec7n l\u00e0 ng\u01b0\u1eddi khuy\u1ebft t\u1eadt th\u1ea7n kinh &#8211; t\u00e2m th\u1ea7n t\u1eeb 16 tu\u1ed5i tr\u1edf l\u00ean v\u00e0 c\u00e1c \u0111\u1ed1i t\u01b0\u1ee3ng ng\u01b0\u1eddi khuy\u1ebft t\u1eadt th\u1ea7n kinh &#8211; t\u00e2m th\u1ea7n, ng\u01b0\u1eddi r\u1ed1i nhi\u1ec5u t\u00e2m tr\u00ed kh\u00e1c theo Ch\u01b0\u01a1ng tr\u00ecnh, \u0111\u1ec1 \u00e1n h\u1ed7 tr\u1ee3 ho\u1eb7c do Ch\u1ee7 t\u1ecbch \u1ee6y ban nh\u00e2n d\u00e2n t\u1ec9nh quy\u1ebft \u0111\u1ecbnh tr\u00ean \u0111\u1ecba b\u00e0n t\u1ec9nh Kh\u00e1nh H\u00f2a; Cung c\u1ea5p c\u00e1c d\u1ecbch v\u1ee5 c\u00f4ng t\u00e1c x\u00e3 h\u1ed9i cho ng\u01b0\u1eddi khuy\u1ebft t\u1eadt th\u1ea7n kinh, t\u00e2m th\u1ea7n, ng\u01b0\u1eddi r\u1ed1i nhi\u1ec5u t\u00e2m tr\u00ed t\u1ea1i Trung t\u00e2m v\u00e0 c\u1ed9ng \u0111\u1ed3ng.<\/span><\/p>\r\n<p><span style=\"font-size: 14pt;\"><!-- \/wp:paragraph -->\r\n\r\n<!-- wp:paragraph {\"fontSize\":\"medium\",\"style\":{\"color\":{\"text\":\"#0059bb\"}}} --><\/span><\/p>\r\n<p class=\"has-text-color has-medium-font-size\" style=\"color: #0059bb;\"><span style=\"font-size: 14pt;\"><strong>3. NHI\u1ec6M V\u1ee4<\/strong><\/span><\/p>\r\n<p><span style=\"font-size: 14pt;\">a. Cung c\u1ea5p c\u00e1c d\u1ecbch v\u1ee5 kh\u1ea9n c\u1ea5p<\/span><\/p>\r\n<p><span style=\"font-size: 14pt;\"><!-- \/wp:paragraph -->\r\n\r\n<!-- wp:paragraph {\"style\":{\"typography\":{\"fontSize\":19}}} --><\/span><\/p>\r\n<p style=\"font-size: 19px;\"><span style=\"font-size: 14pt;\">&#8211; Ti\u1ebfp nh\u1eadn \u0111\u1ed1i t\u01b0\u1ee3ng c\u1ea7n s\u1ef1 b\u1ea3o v\u1ec7 kh\u1ea9n c\u1ea5p l\u00e0 ng\u01b0\u1eddi khuy\u1ebft t\u1eadt th\u1ea7n kinh, t\u00e2m th\u1ea7n, ng\u01b0\u1eddi r\u1ed7i nhi\u1ec5u t\u00e2m tr\u00ed t\u1eeb c\u00e1c c\u01a1 s\u1edf b\u1ea3o tr\u1ee3 x\u00e3 h\u1ed9i ho\u1eb7c B\u1ec7nh vi\u1ec7n Chuy\u00ean khoa t\u00e2m th\u1ea7n chuy\u1ec3n \u0111\u1ebfn.<\/span><\/p>\r\n<p><span style=\"font-size: 14pt;\">&#8211; \u0110\u00e1nh gi\u00e1 c\u00e1c nhu c\u1ea7u c\u1ee7a \u0111\u1ed1i t\u01b0\u1ee3ng; s\u00e0ng l\u1ecdc v\u00e0 ph\u00e2n lo\u1ea1i \u0111\u1ed1i t\u01b0\u1ee3ng. Tr\u01b0\u1eddng h\u1ee3p c\u1ea7n thi\u1ebft th\u00ec chuy\u1ec3n g\u1eedi \u0111\u1ed1i t\u01b0\u1ee3ng t\u1edbi c\u00e1c c\u01a1 s\u1edf y t\u1ebf, gi\u00e1o d\u1ee5c, c\u01a1 quan c\u00f4ng an, t\u01b0 ph\u00e1p ho\u1eb7c c\u00e1c c\u01a1 quan, t\u1ed5 ch\u1ee9c ph\u00f9 h\u1ee3p kh\u00e1c;<\/span><\/p>\r\n<p><span style=\"font-size: 14pt;\">&#8211; B\u1ea3o \u0111\u1ea3m s\u1ef1 an to\u00e0n v\u00e0 \u0111\u00e1p \u1ee9ng c\u00e1c nhu c\u1ea7u kh\u1ea9n c\u1ea5p c\u1ee7a \u0111\u1ed1i t\u01b0\u1ee3ng nh\u01b0: N\u01a1i c\u01b0 tr\u00fa t\u1ea1m th\u1eddi, th\u1ee9c \u0103n, qu\u1ea7n \u00e1o v\u00e0 \u0111i l\u1ea1i.<\/span><\/p>\r\n<p><span style=\"font-size: 14pt;\">b. Tham v\u1ea5n, tr\u1ecb li\u1ec7u r\u1ed1i nhi\u1ec5u t\u00e2m tr\u00ed, kh\u1ee7ng ho\u1ea3ng t\u00e2m l\u00fd v\u00e0 ph\u1ee5c h\u1ed3i th\u1ec3 ch\u1ea5t cho \u0111\u1ed1i t\u01b0\u1ee3ng.<\/span><\/p>\r\n<p><span style=\"font-size: 14pt;\">c. T\u01b0 v\u1ea5n v\u00e0 tr\u1ee3 gi\u00fap \u0111\u1ed1i t\u01b0\u1ee3ng th\u1ee5 h\u01b0\u1edfng c\u00e1c ch\u00ednh s\u00e1ch tr\u1ee3 gi\u00fap x\u00e3 h\u1ed9i; ph\u1ed1i h\u1ee3p v\u1edbi c\u00e1c c\u01a1 quan, t\u1ed5 ch\u1ee9c ph\u00f9 h\u1ee3p kh\u00e1c \u0111\u1ec3 b\u1ea3o v\u1ec7, tr\u1ee3 gi\u00fap \u0111\u1ed1i t\u01b0\u1ee3ng; t\u00ecm ki\u1ebfm, s\u1eafp x\u1ebfp c\u00e1c h\u00ecnh th\u1ee9c ch\u0103m s\u00f3c.<\/span><\/p>\r\n<p><span style=\"font-size: 14pt;\">d. X\u00e2y d\u1ef1ng k\u1ebf ho\u1ea1ch can thi\u1ec7p v\u00e0 tr\u1ee3 gi\u00fap \u0111\u1ed1i t\u01b0\u1ee3ng; gi\u00e1m s\u00e1t v\u00e0 r\u00e0 so\u00e1t l\u1ea1i c\u00e1c ho\u1ea1t \u0111\u1ed9ng can thi\u1ec7p, tr\u1ee3 gi\u00fap v\u00e0 \u0111i\u1ec1u ch\u1ec9nh k\u1ebf ho\u1ea1ch.<\/span><\/p>\r\n<p><span style=\"font-size: 14pt;\">\u0111. Ti\u1ebfp nh\u1eadn, qu\u1ea3n l\u00fd, ch\u0103m s\u00f3c, nu\u00f4i d\u01b0\u1ee1ng c\u00e1c \u0111\u1ed1i t\u01b0\u1ee3ng b\u1ea3o tr\u1ee3 x\u00e3 h\u1ed9i (ng\u01b0\u1eddi khuy\u1ebft t\u1eadt th\u1ea7n kinh &#8211; t\u00e2m th\u1ea7n, ng\u01b0\u1eddi r\u1ed1i nhi\u1ec5u t\u00e2m tr\u00ed&#8230;) thu\u1ed9c di\u1ec7n \u0111\u1eb7c bi\u1ec7t kh\u00f3 kh\u0103n, kh\u00f4ng t\u1ef1 lo \u0111\u01b0\u1ee3c cu\u1ed9c s\u1ed1ng v\u00e0 kh\u00f4ng c\u00f3 \u0111i\u1ec1u ki\u1ec7n sinh s\u1ed1ng t\u1ea1i gia \u0111\u00ecnh, c\u1ed9ng \u0111\u1ed3ng.<\/span><\/p>\r\n<p><span style=\"font-size: 14pt;\">e. Cung c\u1ea5p d\u1ecbch v\u1ee5 \u0111i\u1ec1u tr\u1ecb y t\u1ebf ban \u0111\u1ea7u.<\/span><\/p>\r\n<p><span style=\"font-size: 14pt;\">g. T\u1ed5 ch\u1ee9c ho\u1ea1t \u0111\u1ed9ng ph\u1ee5c h\u1ed3i ch\u1ee9c n\u0103ng, tr\u1ee3 gi\u00fap c\u00e1c \u0111\u1ed1i t\u01b0\u1ee3ng trong c\u00e1c ho\u1ea1t \u0111\u1ed9ng t\u1ef1 qu\u1ea3n, v\u0103n h\u00f3a, th\u1ec3 thao, c\u00e1c ho\u1ea1t \u0111\u1ed9ng kh\u00e1c ph\u00f9 h\u1ee3p v\u1edbi l\u1ee9a tu\u1ed5i v\u00e0 s\u1ee9c kh\u1ecfe c\u1ee7a t\u1eebng nh\u00f3m \u0111\u1ed1i t\u01b0\u1ee3ng lao \u0111\u1ed9ng s\u1ea3n xu\u1ea5t theo quy \u0111\u1ecbnh c\u1ee7a ph\u00e1p lu\u1eadt.<\/span><\/p>\r\n<p><span style=\"font-size: 14pt;\">h. Ch\u1ee7 tr\u00ec, ph\u1ed1i h\u1ee3p v\u1edbi c\u00e1c \u0111\u01a1n v\u1ecb, t\u1ed5 ch\u1ee9c \u0111\u1ec3 d\u1ea1y ngh\u1ec1, gi\u00e1o d\u1ee5c h\u01b0\u1edbng nghi\u1ec7p nh\u1eb1m gi\u00fap \u0111\u1ed1i t\u01b0\u1ee3ng ph\u00e1t tri\u1ec3n v\u1ec1 th\u1ec3 ch\u1ea5t, tr\u00ed tu\u1ec7, nh\u00e2n c\u00e1ch v\u00e0 h\u00f2a nh\u1eadp c\u1ed9ng \u0111\u1ed3ng.<\/span><\/p>\r\n<p><span style=\"font-size: 14pt;\">i. Qu\u1ea3n l\u00fd c\u00e1c \u0111\u1ed1i t\u01b0\u1ee3ng \u0111\u01b0\u1ee3c cung c\u1ea5p d\u1ecbch v\u1ee5 c\u00f4ng t\u00e1c x\u00e3 h\u1ed9i t\u1ea1i c\u01a1 s\u1edf.<\/span><\/p>\r\n<p><span style=\"font-size: 14pt;\">k. Th\u1ef1c hi\u1ec7n c\u00e1c bi\u1ec7n ph\u00e1p ph\u00f2ng ng\u1eeba \u0111\u1ed1i t\u01b0\u1ee3ng r\u01a1i v\u00e0o ho\u00e0n c\u1ea3nh kh\u00f3 kh\u0103n v\u00e0 b\u1ecb x\u00e2m h\u1ea1i, b\u1ea1o l\u1ef1c, ng\u01b0\u1ee3c \u0111\u00e3i.<\/span><\/p>\r\n<p><span style=\"font-size: 14pt;\">l. T\u1ed5 ch\u1ee9c c\u00e1c ho\u1ea1t \u0111\u1ed9ng truy\u1ec1n th\u00f4ng, n\u00e2ng cao nh\u1eadn th\u1ee9c.<\/span><\/p>\r\n<p><span style=\"font-size: 14pt;\">m. Ch\u1ee7 tr\u00ec, ph\u1ed1i h\u1ee3p v\u1edbi ch\u00ednh quy\u1ec1n \u0111\u1ecba ph\u01b0\u01a1ng \u0111\u01b0a \u0111\u1ed1i t\u01b0\u1ee3ng \u0111\u1ee7 \u0111i\u1ec1u ki\u1ec7n ho\u1eb7c t\u1ef1 nguy\u1ec7n xin ra kh\u1ecfi c\u01a1 s\u1edf tr\u1edf v\u1ec1 v\u1edbi gia \u0111\u00ecnh, t\u00e1i h\u00f2a nh\u1eadp c\u1ed9ng \u0111\u1ed3ng; h\u1ed7 tr\u1ee3, t\u1ea1o \u0111i\u1ec1u ki\u1ec7n cho \u0111\u1ed1i t\u01b0\u1ee3ng \u1ed5n \u0111\u1ecbnh cu\u1ed9c s\u1ed1ng.<\/span><\/p>\r\n<p><span style=\"font-size: 14pt;\">n. Qu\u1ea3n l\u00fd t\u00e0i ch\u00ednh, t\u00e0i s\u1ea3n, vi\u00ean ch\u1ee9c v\u00e0 ng\u01b0\u1eddi lao \u0111\u1ed9ng theo quy \u0111\u1ecbnh c\u1ee7a ph\u00e1p lu\u1eadt.<\/span><\/p>\r\n<p><span style=\"font-size: 14pt;\">0. T\u1ed5 ch\u1ee9c v\u1eadn \u0111\u1ed9ng v\u00e0 ti\u1ebfp nh\u1eadn s\u1ef1 h\u1ed7 tr\u1ee3 t\u00e0i ch\u00ednh, hi\u1ec7n v\u1eadt c\u1ee7a c\u01a1 quan, t\u1ed5 ch\u1ee9c, c\u00e1 nh\u00e2n \u1edf trong n\u01b0\u1edbc v\u00e0 n\u01b0\u1edbc ngo\u00e0i \u0111\u1ec3 th\u1ef1c hi\u1ec7n c\u00e1c ho\u1ea1t \u0111\u1ed9ng c\u1ee7a c\u01a1 s\u1edf.<\/span><\/p>\r\n<p><span style=\"font-size: 14pt;\">p. Th\u1ef1c hi\u1ec7n cung c\u1ea5p c\u00e1c d\u1ecbch v\u1ee5 tr\u1ee3 gi\u00fap x\u00e3 h\u1ed9i theo y\u00eau c\u1ea7u v\u00e0 c\u00e1c nhi\u1ec7m v\u1ee5 kh\u00e1c do S\u1edf Lao \u0111\u1ed9ng &#8211; Th\u01b0\u01a1ng binh v\u00e0 X\u00e3 h\u1ed9i quy\u1ebft \u0111\u1ecbnh.<\/span><\/p>\r\n<p><span style=\"font-size: 14pt;\"><!-- \/wp:paragraph --><\/span><\/p>\r\n<p>&nbsp;<\/p>\r\n<p>&nbsp;<\/p>","protected":false},"excerpt":{"rendered":"<p>KH\u00c1I QU\u00c1T V\u1ec0 TRUNG T\u00c2M B\u1ea2O TR\u1ee2 X\u00c3 H\u1ed8I CH\u0102M S\u00d3C V\u00c0 PH\u1ee4C H\u1ed2I CH\u1ee8C N\u0102NG NG\u01af\u1edcI T\u00c2M TH\u1ea6N, NG\u01af\u1edcI R\u1ed0I NHI\u1ec4U T\u00c2M TR\u00cd T\u1ec8NH KH\u00c1NH H\u00d2A 1. V\u1eca TR\u00cd Trung t\u00e2m B\u1ea3o tr\u1ee3 x\u00e3 h\u1ed9i Ch\u0103m s\u00f3c v\u00e0 Ph\u1ee5c h\u1ed3i ch\u1ee9c n\u0103ng ng\u01b0\u1eddi t\u00e2m th\u1ea7n, ng\u01b0\u1eddi r\u1ed1i nhi\u1ec5u t\u00e2m tr\u00ed t\u1ec9nh Kh\u00e1nh H\u00f2a l\u00e0 [&hellip;]<\/p>\n","protected":false},"author":1,"featured_media":1989,"parent":0,"menu_order":0,"comment_status":"closed","ping_status":"closed","template":"","meta":{"footnotes":""},"_links":{"self":[{"href":"https:\/\/ttcsntt.khanhhoa.gov.vn\/index.php?rest_route=\/wp\/v2\/pages\/1687"}],"collection":[{"href":"https:\/\/ttcsntt.khanhhoa.gov.vn\/index.php?rest_route=\/wp\/v2\/pages"}],"about":[{"href":"https:\/\/ttcsntt.khanhhoa.gov.vn\/index.php?rest_route=\/wp\/v2\/types\/page"}],"author":[{"embeddable":true,"href":"https:\/\/ttcsntt.khanhhoa.gov.vn\/index.php?rest_route=\/wp\/v2\/users\/1"}],"replies":[{"embeddable":true,"href":"https:\/\/ttcsntt.khanhhoa.gov.vn\/index.php?rest_route=%2Fwp%2Fv2%2Fcomments&post=1687"}],"version-history":[{"count":18,"href":"https:\/\/ttcsntt.khanhhoa.gov.vn\/index.php?rest_route=\/wp\/v2\/pages\/1687\/revisions"}],"predecessor-version":[{"id":6810,"href":"https:\/\/ttcsntt.khanhhoa.gov.vn\/index.php?rest_route=\/wp\/v2\/pages\/1687\/revisions\/6810"}],"wp:featuredmedia":[{"embeddable":true,"href":"https:\/\/ttcsntt.khanhhoa.gov.vn\/index.php?rest_route=\/wp\/v2\/media\/1989"}],"wp:attachment":[{"href":"https:\/\/ttcsntt.khanhhoa.gov.vn\/index.php?rest_route=%2Fwp%2Fv2%2Fmedia&parent=1687"}],"curies":[{"name":"wp","href":"https:\/\/api.w.org\/{rel}","templated":true}]}}